base 10) to base 5.
2440
12 (base 16) to base 4
102
What is 127 (base 10) in base 7?
241
What is -3 (base 4) in base 9?
-3
-220 (base 3) to base 11
-22
What is 3003 (base 4) in base 10?
195
Convert 274 (base 12) to base 6.
1424
Convert b6 (base 14) to base 13.
c4
What is 17 (base 9) in base 8?
20
What is -112 (base 7) in base 5?
-213
-168 (base 16) to base 13
-219
Convert 4 (base 7) to base 5.
4
Convert 9 (base 13) to base 8.
11
Convert -25 (base 9) to base 14.
-19
1111 (base 4) to base 7
151
Convert -433 (base 6) to base 10.
-165
-35 (base 13) to base 10
-44
-226 (base 7) to base 4
-1312
What is 2122 (base 3) in base 12?
5b
What is 3 (base 12) in base 11?
3
What is 3 (base 15) in base 6?
3
-4 (base 6) to base 10
-4
7 (base 9) to base 4
13
What is -3 (base 11) in base 5?
-3
-9 (base 15) to base 3
-100
197 (base 13) to base 4
10211
What is -111 (base 2) in base 8?
-7
17 (base 13) to base 6
32
-10001 (base 3) to base 14
-5c
Convert -5 (base 7) to base 15.
-5
-3 (base 11) to base 16
-3
6 (base 16) to base 4
12
Convert 111 (base 9) to base 7.
160
What is -114 (base 5) in base 3?
-1021
2 (base 16) to base 15
2
What is 4 (base 16) in base 15?
4
What is 0 (base 16) in base 11?
0
What is 5 (base 11) in base 4?
11
What is -5 (base 9) in base 8?
-5
What is 0 (base 11) in base 7?
0
Convert -1 (base 9) to base 12.
-1
11 (base 5) to base 7
6
Convert -3 (base 11) to base 13.
-3
Convert 1a0 (base 12) to base 9.
323
0 (base 13) to base 3
0
What is -97 (base 12) in base 9?
-137
Convert 3 (base 10) to base 5.
3
What is -66 (base 10) in base 8?
-102
What is 4 (base 8) in base 11?
4
What is 16 (base 15) in base 12?
19
Convert 14 (base 10) to base 2.
1110
2 (base 11) to base 6
2
4 (base 9) to base 10
4
Convert 4 (base 7) to base 14.
4
What is -15 (base 7) in base 15?
-c
What is 14a (base 14) in base 11?
219
Convert 61 (base 15) to base 6.
231
100 (base 2) to base 12
4
-50 (base 6) to base 13
-24
What is 3 (base 5) in base 15?
3
-20021 (base 3) to base 15
-b4
What is -1 (base 3) in base 16?
-1
Convert 202 (base 6) to base 5.
244
10 (base 5) to base 6
5
Convert -35 (base 6) to base 13.
-1a
What is 3 (base 13) in base 3?
10
Convert 143 (base 10) to base 13.
b0
7 (base 15) to base 8
7
-4 (base 8) to base 5
-4
What is 1 (base 5) in base 16?
1
-22011 (base 3) to base 6
-1004
What is -1 (base 4) in base 9?
-1
What is 7 (base 11) in base 13?
7
2 (base 13) to base 9
2
4 (base 13) to base 8
4
What is -c6 (base 14) in base 13?
-105
Convert -20 (base 7) to base 14.
-10
Convert 1 (base 12) to base 7.
1
What is 14 (base 8) in base 5?
22
What is -11 (base 2) in base 3?
-10
-3 (base 4) to base 6
-3
Convert 2022 (base 3) to base 10.
62
Convert -420 (base 6) to base 15.
-a6
What is -1 (base 14) in base 15?
-1
What is -6 (base 8) in base 7?
-6
46 (base 11) to base 10
50
What is -114 (base 9) in base 11?
-86
What is 11 (base 2) in base 6?
3
Convert 0 (base 7) to base 11.
0
Convert -83 (base 9) to base 15.
-50
-110 (base 3) to base 15
-c
-ab (base 15) to base 9
-188
Convert 161 (base 11) to base 7.
356
-39 (base 13) to base 11
-44
What is 102 (base 3) in base 13?
b
Convert 16 (base 11) to base 15.
12
Convert 5 (base 9) to base 11.
5
-231 (base 4) to base 5
-140
What is 3 (base 13) in base 11?
3
-1 (base 6) to base 10
-1
15 (base 8) to base 2
1101
What is -9 (base 12) in base 11?
-9
What is -101010 (base 2) in base 15?
-2c
-65 (base 13) to base 9
-102
-14 (base 7) to base 10
-11
-30 (base 5) to base 8
-17
Convert cc (base 14) to base 15.
c0
Convert -41 (base 10) to base 8.
-51
Convert 0 (base 13) to base 12.
0
What is -51 (base 6) in base 11?
-29
Convert -134 (base 9) to base 14.
-80
Convert -241 (base 9) to base 7.
-403
Convert 2 (base 12) to base 2.
10
-111 (base 2) to base 14
-7
What is 32 (base 8) in base 16?
1a
What is 203 (base 9) in base 12?
119
What is 59 (base 10) in base 12?
4b
-22 (base 4) to base 3
-101
What is -31 (base 6) in base 16?
-13
Convert 2 (base 5) to base 8.
2
What is 4 (base 10) in base 3?
11
Convert -18 (base 12) to base 9.
-22
11 (base 6) to base 15
7
What is -2 (base 12) in base 14?
-2
Convert 2223 (base 4) to base 10.
171
4 (base 11) to base 8
4
-38 (base 15) to base 11
-49
What is 11 (base 4) in base 12?
5
What is 101 (base 4) in base 2?
10001
100111 (base 2) to base 13
30
-5 (base 8) to base 12
-5
What is -312 (base 5) in base 2?
-1010010
-3 (base 13) to base 10
-3
Convert -412 (base 10) to base 14.
-216
-11100000 (base 2) to base 9
-268
What is -10 (base 5) in base 16?
-5
-1a (base 13) to base 14
-19
-1 (base 15) to base 16
-1
Convert 2 (base 15) to base 14.
2
What is 100 (base 5) in base 4?
121
40 (base 9) to base 12
30
Convert -8 (base 13) to base 4.
-20
Convert -135 (base 7) to base 4.
-1023
Convert 0 (base 16) to base 10.
0
What is -1122 (base 4) in base 15?
-60
What is -4b (base 16) in base 9?
-83
Convert -10 (base 14) to base 11.
-13
What is b (base 14) in base 13?
b
3 (base 11) to base 4
3
211 (base 3) to base 13
19
-4 (base 15) to base 16
-4
59 (base 14) to base 8
117
-2 (base 8) to base 3
-2
What is 51 (base 6) in base 11?
29
What is 2 (base 16) in base 8?
2
-1 (base 5) to base 10
-1
What is 23 (base 5) in base 16?
d
-10b (base 13) to base 2
-10110100
-9f (base 16) to base 14
-b5
What is -2 (base 7) in base 9?
-2
-3 (base 12) to base 6
-3
What is 3 (base 7) in base 12?
3
-34 (base 13) to base 2
-101011
-8 (base 9) to base 2
-1000
Convert -41 (base 8) to base 2.
-100001
-3 (base 11) to base 6
-3
What is 0 (base 13) in base 10?
0
What is -100 (base 2) in base 12?
-4
0 (base 7) to base 5
0
Convert -2143 (base 5) to base 8.
-452
-e (base 15) to base 5
-24
-d (base 15) to base 3
-111
-35 (base 8) to base 9
-32
What is 3 (base 10) in base 7?
3
Convert 10 (base 6) to base 12.
6
What is 1322 (base 4) in base 7?
233
Convert -16 (base 13) to base 12.
-17
What is -2d (base 16) in base 7?
-63
What is 6 (base 9) in base 5?
11
441 (base 5) to base 3
11111
Convert -3 (base 7) to base 9.
-3
What is -11 (base 2) in base 10?
-3
What is 13 (base 4) in base 7?
10
What is -3 (base 10) in base 16?
-3
Convert 4 (base 8) to base 9.
4
Convert -332 (base 4) to base 8.
-76
-1 (base 2) to base 9
-1
368 (base 9) to base 8
461
2200 (base 3) to base 7
132
4 (base 8) to base 10
4
Convert 3 (base 9) to base 3.
10
0 (base 14) to base 10
0
What is -c (base 16) in base 14?
-c
What is 1 (base 12) in base 4?
1
7a (base 12) to base 11
86
1 (base 14) to base 11
1
4 (base 14) to base 11
4
24 (base 5) to base 2
1110
-27 (base 13) to base 4
-201
Convert -111 (base 3) to base 14.
-d
7 (base 16) to base 14
7
Convert -1 (base 15) to base 16.
-1
What is 11 (base 3) in base 13?
4
Convert 0 (base 7) to base 12.
0
Convert -1220 (base 3) to base 6.
-123
Convert -1 (base 10) to base 8.
-1
Convert 1 (base 12) to base 16.
1
-11010111 (base 2) to base 15
-e5
What is 1 (base 12) in base 10?
1
5 (base 7) to base 2
101
1212 (base 3) to base 16
32
What is 304 (base 6) in base 14?
80
What is -1 (base 14) in base 8?
-1
39 (base 10) to base 16
27
What is -c (base 15) in base 2?
-1100
What is 30 (base 5) in base 7?
21
Convert -2a (base 14) to base 2.
-100110
Convert 1 (base 7) to base 12.
1
4 (base 14) to base 16
4
Convert -4 (base 5) to base 13.
-4
What is -3 (base 10) in base 2?
-11
What is 137 (base 8) in base 14?
6b
Convert 0 (base 7) to base 5.
0
2 (base 9) to base 12
2
What is 10 (base 8) in base 9?
8
Convert -4 (base 12) to base 2.
-100
What is -45 (base 14) in base 6?
-141
10 (base 3) to base 15
3
What is 1 (base 11) in base 6?
1
Convert 10210 (base 3) to base 5.
402
7 (base 15) to base 8
7
What is -3 (base 10) in base 6?
-3
-1231 (base 4) to base 13
-85
Convert -5 (base 16) to base 13.
-5
Convert -57 (base 11) to base 8.
-76
Convert -26 (base 7) to base 10.
-20
What is -2 (base 11) in base 16?
-2
What is -7 (base 13) in base 12?
-7
4 (base 10) to base 7
4
6 (base 14) to base 6
10
What is -5 (base 8) in base 10?
-5
5 (base 8) to base 15
5
-11 (base 2) to base 16
-3
Convert 15 (base 16) to base 14.
17
Convert 2 (base 11) to base 7.
2
0 (base 8) to base 12
0
1d (base 15) to base 8
34
What is 3 (base 5) in base 10?
3
Convert 101 (base 3) to base 8.
12
Convert -233 (base 9) to base 15.
-cc
Convert 13 (base 4) to base 14.
7
Convert -131 (base 7) to base 13.
-56
13 (base 10) to base 2
1101
Convert 0 (